r(j) = -1 + 4*j - 2 + 0*j. Let s(b) = 2*b - 6. Let n be s(4). Calculate r(n).
5
Let q = 2 - 2. Let k be 1 + 2/(-2 - 0). Let a(u) = k*u - u + q*u. What is a(-2)?
2
Suppose -4*z + 3*g - 33 = 0, -5*z + g = 18 + 37. Let n = 10 + z. Let a(s) = -2 + 4*s**2 + 3*s - 3*s**2 + 4. What is a(n)?
0
Let z(n) = 2*n**2 + 5*n + 3. Suppose 2*j = -3*p + 9, -2*j - 4*p + 5 = 3*j. Give z(j).
6
Let a(j) = j - 6. Let i be a(8). Let l(g) = g**2 + g**2 + g**i - 3 - g**3 + 2*g**3. What is l(-3)?
-3
Let z(l) = -3*l**3 + 8*l**2 - 2*l - 3. Let w(p) = -4*p**3 + 9*p**2 - 3*p - 3. Let o(n) = -2*w(n) + 3*z(n). Determine o(6).
-3
Let d = -14 - -8. Let s(v) be the second derivative of v**4/12 + 5*v**3/6 + v**2 - v. Determine s(d).
8
Let c(b) = -11*b**2 + 14*b + 20. Let r(y) = -4*y**2 + 5*y + 7. Let h(a) = 6*c(a) - 17*r(a). Let x be (9/(-3))/(6/(-4)). Calculate h(x).
7
Let t be -4*3/(-12) - 6. Let b(v) = v**2 + 4*v. Calculate b(t).
5
Let c = -7 - -11. Let x = -3 + c. Let o be (1 - 0)*(x + -1). Let s(t) = -t - 6. Give s(o).
-6
Let r = -7 - -4. Let n(u) = 4*u + u**2 + 2 + u**3 + 0*u**3 - 3*u. Let v(s) = -s**3 - s**2 - 2*s - 4. Let g(a) = r*v(a) - 5*n(a). Calculate g(-2).
8
Let o(p) = -3*p**3 - 4*p**2 - 7*p + 1. Let g(q) = q**3 - q**2 + q. Let v(w) = -2*g(w) - o(w). Determine v(-4).
11
Let y(i) = i + 1. Let m be y(-1). Let b(g) be the second derivative of -3*g**2 - 1/6*g**3 + 0 + 0*g**4 - 1/20*g**5 - 3*g. Calculate b(m).
-6
Let n(g) be the first derivative of -3*g**2/2 + 5*g - 3. Suppose -16 = 8*c - 48. What is n(c)?
-7
Let k(d) = -d**3 + d - 3. Let c be k(0). Let n(r) = -r**3 - 3*r**2 + 5*r + 4. Give n(c).
-11
Suppose -3 = k + 5. Let u(m) = m**3 + 8*m**2 + 2. Let x be u(k). Suppose 0 = 5*o + 3*f - 11, x*o + 2*o = 4*f - 4. Let d(w) = -7*w**2 + 1. Calculate d(o).
-6
Let f(h) be the second derivative of h**6/360 + h**5/30 - h**4/8 - h**3/3 - 6*h. Let y(n) be the second derivative of f(n). Calculate y(2).
9
Let g(f) = -f**3 + 4*f**2 + 8*f - 3. Let v = 21 - 24. Let z be 5 + v + 7 + -4. Calculate g(z).
12
Let y(z) = z**2 - 1. Let r(l) = -l**3 + 9*l**2 + 3*l - 3. Let c(q) = r(q) - 6*y(q). Give c(3).
12
Let s(t) be the second derivative of 0 + 5/6*t**3 - 1/12*t**4 + 1/2*t**2 + t. What is s(5)?
1
Let r(q) = -q**2 - 5*q + 6. Suppose -3*z = -5*w + 1, 0*w = -2*z - 5*w - 9. Let k be (1 - (-1 - z)) + -5. Give r(k).
6
Let m(k) be the second derivative of -k - k**3 + 0 + 2*k**2 + 1/20*k**5 - 1/4*k**4. Let l be (6/(-9))/(1/(-6)). Give m(l).
-4
Let o(w) = w**2 + 12*w + 11. Let g be -2*13/2 + (0 - -3). What is o(g)?
-9
Suppose -2*h = 7*h - 54. Let i(f) = -f**3 + 5*f**2 + 5*f + 7. Give i(h).
1
Let z(a) = -5 + 3*a - 2 + 3. Give z(3).
5
Let l(h) = h**3 - 2*h**2 + h - 1. Suppose 3*i = -2*b + 6*i + 16, -4*i = -b + 18. What is l(b)?
1
Let j be 1/2*-6*1. Let t(q) = -q - 3. Let s(o) = -5*o - 14. Let z(b) = 2*s(b) - 11*t(b). Calculate z(j).
2
Let j = 40 + -31. Let b(q) = -q + 13. Give b(j).
4
Suppose -15 = -5*s + 10. Let u = -10 + s. Let c(v) = -v**2 - 6*v - 1. Calculate c(u).
4
Let q be (-2)/4 - (-4 - (-9)/(-6)). Let o(d) = 1 - 6 - 5*d - 2 - d**2 + 2*d**2. Calculate o(q).
-7
Let g(j) be the first derivative of -3*j**2/2 - 49. What is g(-3)?
9
Let s = 11 - 8. Suppose s*w - 2 = 16. Let x(o) = 4*o + 3*o + w - 5*o. Give x(-4).
-2
Let w(r) = -2*r**3 + 3*r + 3. Suppose 2*f = 5*f + 6. What is w(f)?
13
Let o(n) = n**3 - 6*n**2 - 5*n - 3. Let r = 106 - 99. Give o(r).
11
Let h(o) = -3*o + 2. Let t(l) = l**3 + 2*l**2 + 3*l + 2. Let f be t(-2). Let g(m) = -3*m + 2. Let q(n) = f*h(n) + 3*g(n). Determine q(-2).
-8
Let b(r) = -r**2 + 1. Let l(w) = -w**2 - 4*w - 4. Let i(j) = 2*b(j) - l(j). Let a(d) = -4 + 4 + 2*d. Let z be a(3). Calculate i(z).
-6
Let v(z) = 6*z**2 - 4*z + 1. Let h(w) = -w. Let n(c) = 5*h(c) - v(c). Let l = 253 - 254. Give n(l).
-6
Let k(p) = p**2 - 2*p + 3. Suppose -3 = -3*h + 9. Determine k(h).
11
Suppose 2*n - 1 = 3, -4*s + 4 = -4*n. Let x = 4 - s. Let u be (x/2)/(1/(-4)). Let i(p) = -2*p**2 - p - 1. Calculate i(u).
-7
Let s = 24 + -47/2. Let u(k) be the first derivative of 2*k + s*k**2 - 1 - 2/3*k**3. Determine u(2).
-4
Let z = -164 + 159. Let g(p) = p**3 + 3*p**2 - 5*p + 4. What is g(z)?
-21
Suppose 0 = -0*x + x + 2*m + 12, 3*m = -x - 16. Let o(h) = h**3 + 4*h**2 - 3*h - 3. What is o(x)?
9
Let n(r) = -r**3 - r + 3. Let i be n(0). Let l(g) = 2*g - 6*g + 4 - 5 + 5*g. Determine l(i).
2
Let k = -10 + 8. Let x = 4 + k. Let i(m) = -4*m**2 + 4*m - 3. What is i(x)?
-11
Let k(b) be the third derivative of b**6/120 + b**5/60 + b**4/24 + b**3/6 + b**2. Let y be k(0). Suppose -2*c - 3 = -y. Let f(w) = -7*w - 1. Calculate f(c).
6
Let u(m) = -m - 1. Let l be u(-5). Suppose -l*k + 3*k + 1 = 0. Let x(p) = p**3 - 1. Calculate x(k).
0
Let f(d) = -4*d - d**3 + 2*d**2 + 4*d**2 - 2 + d. Calculate f(5).
8
Let v(u) = u + 4*u - u - 1 + 2*u - u**2. Determine v(3).
8
Let o(a) = -a + 3*a - a + 0*a. Let y(c) = -2*c**2 - c - 1. Let h be y(-1). Calculate o(h).
-2
Let k(s) be the third derivative of s**4/24 - 3*s**2 - 8. Calculate k(-9).
-9
Let r(g) be the third derivative of g**6/120 + g**4/24 + g**3/2 + 5*g**2. Determine r(0).
3
Suppose -6*q + 15 = -q. Let k(v) = 2 + 2*v**q - 7*v**3 - 6*v**2 + 0*v**3 + 4*v + 6*v**3. Calculate k(5).
-3
Let o(j) = j**2 + 8*j - 3. Let f be o(-8). Let w(t) = 2 + 1 + 5*t - 3*t. Give w(f).
-3
Let y = 22 + -16. Let m = 10 - y. Let d = m + 2. Let j(z) = z**3 - 5*z**2 - 6*z - 4. Give j(d).
-4
Let k(p) = p**3 - 4*p**2 + p + 2. Let f be k(3). Let s(u) = 3*u - 11. Let t(i) = -i + 4. Let l(c) = -4*s(c) - 11*t(c). Give l(f).
4
Let d(t) = -t**2 - 3*t + 1. Let p be d(-4). Let k(z) = z**2 + z + 2. Determine k(p).
8
Let d(t) = -4*t - 3. Let a(u) = -4*u - 2. Let s(z) = -6*a(z) + 5*d(z). Determine s(3).
9
Let j(c) = 6*c. Suppose -x - 3*y + 10 = 0, -2*y = -0*x + x - 7. What is j(x)?
6
Let y(x) be the first derivative of -x + 1/2*x**2 - 2 + 2*x**3. Let d = -6 - -7. What is y(d)?
6
Let x(t) = -25*t**3 + t**2 + t - 1. Let w = -102 - -103. Determine x(w).
-24
Let q(h) = 3*h - 2. Let y = 6 - 0. Suppose p + 2 - y = 0. Give q(p).
10
Suppose -4*a + 6 = 2. Let v(r) = -1. Let j(u) = u**2 + 2*u - 7. Let f(s) = a*j(s) - 3*v(s). Suppose -4*w + 3*n - 16 = 0, -w = 3*w + 2*n + 16. Calculate f(w).
4
Let g(w) = -2*w - 2. Let n(k) = -k - 2. Suppose -6*y = -3*y - 12. Suppose -6*t = y*s - 11*t - 13, -4*s + 4*t + 12 = 0. Let f be n(s). Calculate g(f).
6
Let y(j) be the third derivative of j**7/1260 + j**6/720 - j**5/120 - j**4/8 - 6*j**2. Let i(d) be the second derivative of y(d). Give i(1).
2
Suppose -n - 13 - 5 = -5*d, 2*d - 2*n = 12. Let s(j) be the first derivative of -j**2/2 + 5*j + 3. What is s(d)?
2
Let o(f) = -4*f**3 + 9*f**2 - 3*f + 1. Let q(u) = 5*u**3 - 10*u**2 + 4*u - 1. Let r(v) = -6*o(v) - 5*q(v). Let k = 6 + -10. What is r(k)?
7
Let i be (1/2)/(2/12). Let o(s) = 2*s**2 - 5*s + 6. Let l(y) = y**2 - 4*y + 5. Let k(d) = 3*l(d) - 2*o(d). Determine k(i).
-12
Let s(g) = -3*g - 3 - 2 + 2 + 9. Calculate s(6).
-12
Let o(f) = -f - 1. Let a(c) = c + 7. Let j(u) = u**2 + 2*u - 1. Let w be j(-2). Let r(m) = w*a(m) - 6*o(m). What is r(-1)?
-6
Let m(p) = 2 + 3*p**2 + 1 + 4*p + 2*p**3 + 0*p. Let l = -10 - -8. Give m(l).
-9
Let v(x) = -x**3 + 4*x**2 - x - 3. Let o be v(3). Suppose -2*h = b + 14, 3*b - 2*b = -o*h - 21. Let a(j) = 2*j + 9. Determine a(h).
-5
Let z(m) be the third derivative of m**5/60 + m**2. Let h(p) = -p**3 + 7*p**2 + p - 3. Let b(g) = -h(g) + 3*z(g). What is b(3)?
-9
Suppose -3 + 5 = -u - 3*l, 2*l - 17 = 3*u. Let h(f) = f**3 + 4*f**2 - 5*f + 4. What is h(u)?
4
Let y be -2*(-4)/(4 + -2). Let t = y - 5. Let h be -3 - t - (4 - 2). Let m(p) = p**3 + 3*p**2 - 5*p - 5. Calculate m(h).
-1
Let q(t) = -t - 4. Suppose 0 = 4*j - 2*g - 10, 6*g - 2*g = 4. Determine q(j).
-7
Let f(o) = o + 2. Let a(p) = 1. Let k(s) = -5*a(s) + 3*f(s). Calculate k(4).
13
Let b(x) = x**2 - 4*x - 2. Let i(c) = -2*c**2 + 7*c + 4. Let d(r) = 5*b(r) + 2*i(r). Let t be d(5). Let a = -1 - t. Let j(h) = -h**3 + 6*h**2 + 7. Give j(a).
7
Let m be (0 + 1)*4/2. Let a(k) = k + k**2 - k**2 + 4*k**m - 1. Give a(1).
4
Let p be -8 - 9*(21/9 - 2). Let c(y) = -y**2 - 12*y - 13. Determine c(p).
-2
Suppose -2*m + 3*h - 4*h + 1 = 0, -m + h + 8 = 0. Let n(t) = -t + 3*t + m + 1. Calculate n(-5).
-6
Let g be (-6)/12 + 18/(-4). Let c(l) = l**2 + 5*l + 5. Calculate c(g).
5
Le